?
19
What is the greatest common divisor of 1116 and 1152?
36
Calculate the greatest common factor of 7819520 and 128.
128
Calculate the greatest common divisor of 34 and 6001.
17
Calculate the highest common divisor of 12344282 and 314.
314
Calculate the highest common factor of 143341 and 83.
83
What is the highest common divisor of 36124 and 418?
22
What is the highest common divisor of 472 and 173224?
472
What is the highest common factor of 2379 and 65?
13
What is the greatest common divisor of 78 and 152178?
78
What is the highest common divisor of 1030 and 7310?
10
Calculate the highest common factor of 14531 and 638.
11
Calculate the greatest common divisor of 6728 and 4292.
116
What is the greatest common factor of 2 and 56859?
1
What is the greatest common factor of 236 and 1922633?
59
What is the highest common divisor of 28569 and 31137?
321
What is the highest common factor of 318 and 722973?
159
Calculate the greatest common divisor of 45052 and 140.
28
Calculate the highest common divisor of 33 and 121.
11
Calculate the greatest common divisor of 1396 and 1413799.
349
What is the greatest common factor of 2573791 and 267?
89
What is the greatest common factor of 312 and 2379?
39
What is the highest common factor of 4773 and 2257?
37
Calculate the highest common divisor of 272 and 629.
17
Calculate the greatest common factor of 2330 and 102950.
10
Calculate the highest common factor of 51 and 30639.
3
Calculate the greatest common divisor of 2097 and 56153.
233
What is the greatest common divisor of 3 and 135951?
3
What is the greatest common factor of 78 and 10898?
2
What is the highest common divisor of 246 and 68224?
82
What is the greatest common divisor of 5183 and 8023?
71
Calculate the greatest common factor of 21932 and 16.
4
Calculate the greatest common factor of 88 and 29557.
11
What is the greatest common factor of 280 and 95220?
20
What is the greatest common factor of 2424 and 7968?
24
What is the highest common divisor of 16744 and 146188?
644
Calculate the highest common factor of 558 and 553722.
186
Calculate the highest common factor of 828 and 844974.
414
What is the highest common factor of 8 and 4538?
2
Calculate the highest common factor of 254 and 6568948.
254
Calculate the highest common factor of 1 and 15773.
1
Calculate the greatest common divisor of 496 and 114266.
62
Calculate the greatest common factor of 2268 and 46368.
252
What is the highest common factor of 210 and 300790?
70
Calculate the greatest common factor of 20 and 1865740.
20
Calculate the highest common factor of 49 and 116543.
7
What is the highest common divisor of 1040 and 71500?
260
What is the highest common factor of 22236 and 6976?
436
Calculate the highest common divisor of 3379 and 112809.
31
Calculate the highest common divisor of 96 and 2455536.
48
What is the greatest common divisor of 92330 and 810?
10
Calculate the greatest common factor of 520118 and 558.
62
Calculate the highest common factor of 33549 and 477.
159
Calculate the greatest common factor of 151928 and 1736.
56
Calculate the highest common divisor of 18480 and 5940.
660
What is the highest common factor of 9300 and 9150?
150
What is the highest common factor of 10 and 85584?
2
Calculate the greatest common divisor of 1707 and 72263.
569
What is the highest common factor of 6357 and 312?
39
Calculate the highest common divisor of 537320 and 35.
35
What is the greatest common divisor of 2828979 and 87?
87
What is the greatest common factor of 5285 and 20?
5
Calculate the greatest common factor of 880 and 19470.
110
What is the highest common divisor of 166292 and 196?
28
Calculate the greatest common factor of 1969274 and 1102.
1102
Calculate the highest common factor of 327 and 218.
109
What is the highest common factor of 547 and 3248633?
547
Calculate the highest common divisor of 686 and 345058.
686
What is the highest common factor of 122 and 3694?
2
Calculate the highest common divisor of 5408 and 1092.
52
Calculate the greatest common factor of 400372 and 1659.
553
What is the greatest common factor of 15595 and 95?
5
Calculate the greatest common factor of 51548 and 86264.
1052
What is the highest common divisor of 81540 and 20?
20
What is the greatest common factor of 53843 and 115?
23
Calculate the highest common factor of 6 and 883.
1
Calculate the highest common divisor of 774 and 1573714.
86
Calculate the greatest common factor of 64 and 142384.
16
What is the highest common divisor of 11685 and 270465?
285
Calculate the highest common factor of 28574 and 3458.
182
What is the greatest common factor of 13695 and 9735?
165
Calculate the highest common divisor of 15106 and 168.
14
What is the highest common factor of 40 and 34136?
8
What is the greatest common divisor of 87682 and 28?
14
Calculate the greatest common factor of 20292 and 9804.
228
What is the greatest common factor of 44 and 2863047?
11
Calculate the highest common divisor of 13052 and 507.
13
Calculate the highest common factor of 25676 and 154.
14
What is the highest common divisor of 2318 and 2440?
122
What is the greatest common factor of 250176 and 96?
96
Calculate the greatest common divisor of 372510 and 15.
15
Calculate the greatest common factor of 102 and 15878.
34
What is the highest common divisor of 73113 and 3?
3
What is the highest common divisor of 806 and 4238?
26
Calculate the greatest common factor of 860 and 5074.
86
What is the greatest common factor of 14655 and 195?
15
What is the highest common divisor of 1456 and 1008?
112
Calculate the greatest common divisor of 6682 and 8138.
26
Calculate the highest common divisor of 3519 and 9299.
17
What is the highest common factor of 9 and 233256?
3
Calculate the greatest common factor of 548024 and 12.
4
What is the highest common factor of 66424 and 95?
19
Calculate the greatest common divisor of 378 and 6777.
27
What is the greatest common factor of 128 and 448768?
128
Calculate the greatest common divisor of 814260 and 12.
12
What is the greatest common divisor of 216327 and 9?
3
What is the greatest common divisor of 632 and 50096?
8
Calculate the highest common divisor of 1122 and 1216622.
374
What is the highest common factor of 736009 and 8347?
491
What is the greatest common factor of 5816 and 40?
8
What is the greatest common divisor of 52 and 65676?
52
What is the highest common divisor of 1022450 and 20?
10
Calculate the highest common divisor of 12 and 268380.
12
What is the greatest common divisor of 1771 and 6545?
77
What is the greatest common factor of 10800 and 3312?
144
Calculate the highest common divisor of 82179 and 90.
9
Calculate the highest common factor of 13536160 and 880.
880
Calculate the greatest common factor of 1932 and 1701.
21
Calculate the greatest common divisor of 142254 and 21.
21
What is the greatest common divisor of 406 and 368242?
406
Calculate the highest common divisor of 43 and 1362842.
43
What is the highest common factor of 12272 and 1072?
16
Calculate the highest common factor of 744 and 41416.
248
Calculate the greatest common divisor of 16940 and 363.
121
What is the highest common factor of 581640 and 88?
8
Calculate the greatest common factor of 25 and 69525.
25
What is the highest common divisor of 1164 and 51022?
194
Calculate the greatest common divisor of 1232 and 53900.
308
Calculate the greatest common divisor of 71192 and 1364.
44
What is the greatest common factor of 1088 and 68459?
17
What is the greatest common factor of 135630 and 32670?
990
What is the highest common factor of 12478 and 5882?
34
Calculate the highest common divisor of 3296 and 2054644.
412
Calculate the greatest common factor of 825 and 4455.
165
Calculate the greatest common factor of 209 and 13387.
11
Calculate the highest common divisor of 3069 and 1386.
99
What is the greatest common divisor of 8112 and 678366?
1014
Calculate the highest common divisor of 64440 and 200.
40
What is the greatest common factor of 210253 and 835?
167
Calculate the greatest common divisor of 1972 and 26129.
493
Calculate the highest common factor of 1133919 and 162.
81
What is the greatest common factor of 380 and 30476?
76
What is the greatest common divisor of 50296 and 56?
8
Calculate the greatest comm